s the remainder when 45025 is divided by 12?
1
What is the remainder when 201167 is divided by 45?
17
What is the remainder when 10055 is divided by 591?
8
Calculate the remainder when 1028925 is divided by 736.
733
What is the remainder when 3041 is divided by 338?
337
What is the remainder when 4711 is divided by 1165?
51
What is the remainder when 888 is divided by 176?
8
Calculate the remainder when 53356 is divided by 9.
4
What is the remainder when 8436 is divided by 147?
57
Calculate the remainder when 642 is divided by 629.
13
What is the remainder when 1586 is divided by 53?
49
Calculate the remainder when 610570 is divided by 12.
10
What is the remainder when 1348266 is divided by 11?
7
What is the remainder when 66234 is divided by 72?
66
Calculate the remainder when 7031 is divided by 23.
16
What is the remainder when 25701 is divided by 12842?
17
Calculate the remainder when 3875 is divided by 612.
203
Calculate the remainder when 7290 is divided by 188.
146
What is the remainder when 1568127 is divided by 1758?
1749
What is the remainder when 1727 is divided by 851?
25
Calculate the remainder when 3865 is divided by 284.
173
Calculate the remainder when 4970 is divided by 666.
308
Calculate the remainder when 21174 is divided by 4.
2
Calculate the remainder when 81925 is divided by 38.
35
Calculate the remainder when 643120 is divided by 89.
6
What is the remainder when 37902 is divided by 206?
204
What is the remainder when 4188 is divided by 2024?
140
Calculate the remainder when 32241 is divided by 49.
48
Calculate the remainder when 310658 is divided by 28.
26
What is the remainder when 15325989 is divided by 1628?
1625
What is the remainder when 2332 is divided by 575?
32
Calculate the remainder when 217838 is divided by 70.
68
Calculate the remainder when 177198 is divided by 13.
8
What is the remainder when 113598 is divided by 8738?
4
Calculate the remainder when 12643 is divided by 12635.
8
Calculate the remainder when 154102 is divided by 159.
31
Calculate the remainder when 83013 is divided by 36.
33
Calculate the remainder when 7969 is divided by 865.
184
What is the remainder when 94597 is divided by 172?
169
What is the remainder when 3287 is divided by 89?
83
What is the remainder when 82944 is divided by 5?
4
What is the remainder when 338246 is divided by 63?
62
What is the remainder when 3382 is divided by 42?
22
What is the remainder when 13203 is divided by 1797?
624
What is the remainder when 291989 is divided by 59?
57
Calculate the remainder when 36703 is divided by 74.
73
What is the remainder when 7401 is divided by 304?
105
Calculate the remainder when 214562 is divided by 1663.
35
What is the remainder when 24110 is divided by 24031?
79
What is the remainder when 33872 is divided by 440?
432
What is the remainder when 174494 is divided by 76?
74
Calculate the remainder when 19483 is divided by 883.
57
Calculate the remainder when 120108 is divided by 13344.
12
Calculate the remainder when 843 is divided by 831.
12
Calculate the remainder when 387825 is divided by 103.
30
What is the remainder when 159810 is divided by 470?
10
Calculate the remainder when 28056 is divided by 1002.
0
Calculate the remainder when 6194 is divided by 1486.
250
What is the remainder when 81566 is divided by 301?
296
Calculate the remainder when 19917 is divided by 336.
93
Calculate the remainder when 352 is divided by 217.
135
Calculate the remainder when 2120691 is divided by 909.
903
What is the remainder when 43515 is divided by 92?
91
Calculate the remainder when 30465 is divided by 7566.
201
Calculate the remainder when 15529 is divided by 4674.
1507
What is the remainder when 203165 is divided by 67719?
8
Calculate the remainder when 312675 is divided by 313.
301
What is the remainder when 28558 is divided by 336?
334
Calculate the remainder when 82659 is divided by 700.
59
What is the remainder when 3267805 is divided by 34?
31
Calculate the remainder when 30686 is divided by 56.
54
What is the remainder when 21550 is divided by 5375?
50
What is the remainder when 1444247 is divided by 530?
527
Calculate the remainder when 31887 is divided by 4551.
30
Calculate the remainder when 7793 is divided by 1808.
561
What is the remainder when 101299 is divided by 36?
31
What is the remainder when 36816 is divided by 874?
108
What is the remainder when 113759 is divided by 24?
23
What is the remainder when 155541 is divided by 17?
8
What is the remainder when 67358 is divided by 218?
214
Calculate the remainder when 88682 is divided by 1529.
0
What is the remainder when 3851 is divided by 550?
1
What is the remainder when 68776 is divided by 320?
296
Calculate the remainder when 8423 is divided by 858.
701
What is the remainder when 537 is divided by 27?
24
What is the remainder when 5781 is divided by 633?
84
What is the remainder when 1060860 is divided by 1574?
1558
What is the remainder when 213637 is divided by 67?
41
What is the remainder when 62776 is divided by 11?
10
What is the remainder when 1028573 is divided by 1028560?
13
What is the remainder when 37029 is divided by 19?
17
What is the remainder when 126293 is divided by 1302?
1301
Calculate the remainder when 7994 is divided by 400.
394
Calculate the remainder when 104280 is divided by 91.
85
Calculate the remainder when 300700 is divided by 21475.
50
Calculate the remainder when 53191 is divided by 53180.
11
Calculate the remainder when 25754 is divided by 6263.
702
What is the remainder when 22789 is divided by 7592?
13
What is the remainder when 36902 is divided by 9224?
6
Calculate the remainder when 15102 is divided by 218.
60
What is the remainder when 989062 is divided by 1026?
1024
What is the remainder when 16926 is divided by 17?
11
Calculate the remainder when 283796 is divided by 264.
260
What is the remainder when 9913 is divided by 285?
223
Calculate the remainder when 69046 is divided by 728.
614
Calculate the remainder when 808823 is divided by 128.
119
Calculate the remainder when 35096 is divided by 184.
136
Calculate the remainder when 10381 is divided by 281.
265
What is the remainder when 1370653 is divided by 355?
353
What is the remainder when 13981 is divided by 1541?
112
What is the remainder when 1345 is divided by 657?
31
Calculate the remainder when 1493905 is divided by 165.
160
Calculate the remainder when 50533 is divided by 51.
43
Calculate the remainder when 255705 is divided by 37.
35
Calculate the remainder when 34483 is divided by 1378.
33
What is the remainder when 14478 is divided by 4740?
258
What is the remainder when 168224 is divided by 25?
24
What is the remainder when 10936 is divided by 4953?
1030
What is the remainder when 189224 is divided by 439?
15
What is the remainder when 3485 is divided by 438?
419
Calculate the remainder when 3686 is divided by 19.
0
Calculate the remainder when 1941 is divided by 95.
41
What is the remainder when 1116 is divided by 56?
52
Calculate the remainder when 11178 is divided by 215.
213
What is the remainder when 3188 is divided by 85?
43
Calculate the remainder when 100381 is divided by 58.
41
What is the remainder when 302615 is divided by 24?
23
Calculate the remainder when 34711 is divided by 846.
25
Calculate the remainder when 11250 is divided by 878.
714
Calculate the remainder when 25746 is divided by 402.
18
What is the remainder when 515156 is divided by 180?
176
What is the remainder when 138472 is divided by 669?
658
Calculate the remainder when 1290744 is divided by 182.
0
Calculate the remainder when 9565 is divided by 38.
27
What is the remainder when 3068 is divided by 835?
563
Calculate the remainder when 175506 is divided by 599.
598
What is the remainder when 15826 is divided by 57?
37
Calculate the remainder when 49183 is divided by 1898.
1733
What is the remainder when 91837 is divided by 759?
757
What is the remainder when 7951 is divided by 48?
31
Calculate the remainder when 780677 is divided by 390333.
11
What is the remainder when 3204235 is divided by 14?
13
Calculate the remainder when 957 is divided by 178.
67
Calculate the remainder when 6794 is divided by 142.
120
What is the remainder when 34285 is divided by 203?
181
Calculate the remainder when